{"id":4700,"date":"2018-09-26T15:29:22","date_gmt":"2018-09-26T13:29:22","guid":{"rendered":"https:\/\/junge-erwachsene-mit-krebs.de\/?post_type=location&#038;p=4700"},"modified":"2025-04-01T14:40:48","modified_gmt":"2025-04-01T12:40:48","slug":"engel-mit-herz-e-v","status":"publish","type":"location","link":"https:\/\/junge-erwachsene-mit-krebs.de\/ls\/locations\/engel-mit-herz-e-v\/","title":{"rendered":"Engel mit Herz e.V."},"content":{"rendered":"\n<div class=\"lsv_container\">\n    <!-- <div class=\"lsv_container_narrow\"> -->\n    <div class=\"lsv_meta_container\">\n      <span class=\"lsv_contact_area\">\n        <div class=\"lsv_contact_title\">Kontakt<\/div>\n                  <span class=\"lsv_contact_info\">\n            <div class=\"lsv_contact_person\"><\/div>\n                          <div>T <a class=\"lsv_contact_telefon\" href=\"tel:+49 172 5198511\">+49 172 5198511<\/a><\/div>\n                          <div><a class=\"lsv_contact_link\" href=\"mailto:info@engelmitherz.com\">E-Mail schreiben<\/a><\/div>\n          <\/span>\n        <\/span>\n      <span class=\"lsv_social_area\">\n\n                        <div class=\"lsv_social_title\">Angebot auf<\/div>\n        \n        <div class=\"lsv_social_icons\">\n          <a class=\"lsv_social_icon\" href=\"http:\/\/www.facebook.com\/EngelmitHerzeV\/\" target=\"_blank\"><img loading=\"lazy\" decoding=\"async\" src=\"\/wp-content\/themes\/neve-child-master\/images\/facebook.png)\" alt=\"\" height=\"40\" width=\"40\"><\/a>         <\/div>\n       <\/span>\n     <\/div>\n  \n      <div class=\"lsv_next_dates_area\">\n        <div class=\"lsv_next_dates_title\">Nachste Termine<\/div>\n        <div class=\"lsv_next_dates_dates\">\n           <div class=\"ep_no_event\">\n\t\tKeine derzeitigen Termine\n\t\t<\/div>\n        <\/div>\n      <\/div>\n        <div class=\"template-page content\">\n          <\/div>\n  \n    <!-- <div class=\"share-container\">\n      <p class=\"share-title\">Seite teilen:<\/p>\n      <div class=\"share-icons\">\n          <a href=\"https:\/\/twitter.com\/share?url=&text=\" target=\"_blank\" rel=\"noopener noreferrer\" class=\"share-icon twitter\">\n              <img decoding=\"async\" src=\"\" alt=\"Teilen auf X\">\n          <\/a>\n          <a href=\"https:\/\/www.facebook.com\/sharer\/sharer.php?u=\" target=\"_blank\" rel=\"noopener noreferrer\" class=\"share-icon facebook\">\n              <img decoding=\"async\" src=\"\" alt=\"Teilen auf Facebook\">\n          <\/a>\n          <a href=\"mailto:?subject=&body=\" class=\"share-icon email\">\n              <img decoding=\"async\" src=\"\" alt=\"Per E-Mail teilen\">\n          <\/a>\n      <\/div>\n    <\/div> -->\n<!-- <\/div> -->\n  <div class=\"lsv_news_preview_area\">\n          <div class=\"related_news_alignfull_container alignfull\">\n        <div class=\"related_news_container\">\n                      <a class=\"related_news_more_link\" href=\"https:\/\/junge-erwachsene-mit-krebs.de\/ls\/aktuelles\/neuigkeiten\/\" target=\"_self\" title=\"link to news\">Weitere Neuigkeiten<\/a>\n                  <\/div>\n      <\/div>\n    <\/div>\n    <\/div>\n  <div class=\"lsv_kachel_colorsection\"><div class=\"boxoverview-block-container boxoverview-block_3f72231e51933c13caefa7c19a6e768c  alignfull\">\n  <div class=\"boxoverview-area\">\n        <div class=\"boxoverview_verlinkungscontainer\">          <div class=\"boxoverview-block\">\n                    \t\t<div class=\"boxoverview-block_3f72231e51933c13caefa7c19a6e768c boxoverview no_symbol\">JUNGES KREBSPORTAL<\/div>\n        \t\t<div class=\"boxoverview_content\">Unser Team im JUNGEN KRBESPORTAL steht Dir mit Antworten und Tipps jederzeit zur Verf\u00fcgung. Hier erh\u00e4ltst Du individuelle Beratung durch Experten.<\/div>\n                            <a class=\"content_link\" href=\"https:\/\/junge-erwachsene-mit-krebs.de\/jung-und-krebs\/junges-krebsportal\/\" target=\"\">Mehr erfahren<\/a>\n                          <\/div>\n      \t\t          <div class=\"boxoverview-block\">\n                    \t\t<div class=\"boxoverview-block_3f72231e51933c13caefa7c19a6e768c boxoverview no_symbol\">Newsletter<\/div>\n        \t\t<div class=\"boxoverview_content\">Du m\u00f6chtest auch in Zukunft Informationen zu den Projekten und zur Arbeit der Deutschen Stiftung f\u00fcr junge Erwachsene mit Krebs erhalten? Dann melde Dich hier f\u00fcr unseren Newsletter an.<\/div>\n                            <a class=\"content_link\" href=\"https:\/\/junge-erwachsene-mit-krebs.de\/newsletter\/\" target=\"\">Mehr erfahren<\/a>\n                          <\/div>\n      \t\t    <\/div>\n      <\/div>\n<\/div>\n  <\/div>\n<\/div>\n","protected":false},"excerpt":{"rendered":"<p>Engel mit Herz e.V. unterst\u00fctzt hilfebed\u00fcrftige Krebspatienten mit einer Auszeit f\u00fcr die Seele in einem alten Pfarrhaus in Ostfriesland. Der Verein m\u00f6chte ein Bewusstsein schaffen f\u00fcr die Anliegen von Krebserkrankten und ihren Angeh\u00f6rigen. Patienten erhalten mit ihren Angeh\u00f6rigen einen 7 t\u00e4gigen Ferienaufenthalt. <\/p>\n","protected":false},"author":5,"featured_media":0,"template":"","class_list":["post-4700","location","type-location","status-publish","hentry"],"acf":[],"yoast_head":"<!-- This site is optimized with the Yoast SEO plugin v27.3 - https:\/\/yoast.com\/product\/yoast-seo-wordpress\/ -->\n<title>Engel mit Herz e.V. - DSFJEMK<\/title>\n<meta name=\"robots\" content=\"index, follow, max-snippet:-1, max-image-preview:large, max-video-preview:-1\" \/>\n<link rel=\"canonical\" href=\"https:\/\/junge-erwachsene-mit-krebs.de\/locations\/engel-mit-herz-e-v\/\" \/>\n<meta property=\"og:locale\" content=\"de_DE\" \/>\n<meta property=\"og:type\" content=\"article\" \/>\n<meta property=\"og:title\" content=\"Engel mit Herz e.V. - DSFJEMK\" \/>\n<meta property=\"og:description\" content=\"Engel mit Herz e.V. unterst\u00fctzt hilfebed\u00fcrftige Krebspatienten mit einer Auszeit f\u00fcr die Seele in einem alten Pfarrhaus in Ostfriesland. Der Verein m\u00f6chte ein Bewusstsein schaffen f\u00fcr die Anliegen von Krebserkrankten und ihren Angeh\u00f6rigen. Patienten erhalten mit ihren Angeh\u00f6rigen einen 7 t\u00e4gigen Ferienaufenthalt.\" \/>\n<meta property=\"og:url\" content=\"https:\/\/junge-erwachsene-mit-krebs.de\/locations\/engel-mit-herz-e-v\/\" \/>\n<meta property=\"og:site_name\" content=\"DSFJEMK\" \/>\n<meta property=\"article:modified_time\" content=\"2025-04-01T12:40:48+00:00\" \/>\n<meta name=\"twitter:card\" content=\"summary_large_image\" \/>\n<script type=\"application\/ld+json\" class=\"yoast-schema-graph\">{\"@context\":\"https:\\\/\\\/schema.org\",\"@graph\":[{\"@type\":\"WebPage\",\"@id\":\"https:\\\/\\\/junge-erwachsene-mit-krebs.de\\\/locations\\\/engel-mit-herz-e-v\\\/\",\"url\":\"https:\\\/\\\/junge-erwachsene-mit-krebs.de\\\/locations\\\/engel-mit-herz-e-v\\\/\",\"name\":\"Engel mit Herz e.V. - DSFJEMK\",\"isPartOf\":{\"@id\":\"https:\\\/\\\/junge-erwachsene-mit-krebs.de\\\/#website\"},\"datePublished\":\"2018-09-26T13:29:22+00:00\",\"dateModified\":\"2025-04-01T12:40:48+00:00\",\"breadcrumb\":{\"@id\":\"https:\\\/\\\/junge-erwachsene-mit-krebs.de\\\/locations\\\/engel-mit-herz-e-v\\\/#breadcrumb\"},\"inLanguage\":\"de-LS\",\"potentialAction\":[{\"@type\":\"ReadAction\",\"target\":[\"https:\\\/\\\/junge-erwachsene-mit-krebs.de\\\/locations\\\/engel-mit-herz-e-v\\\/\"]}]},{\"@type\":\"BreadcrumbList\",\"@id\":\"https:\\\/\\\/junge-erwachsene-mit-krebs.de\\\/locations\\\/engel-mit-herz-e-v\\\/#breadcrumb\",\"itemListElement\":[{\"@type\":\"ListItem\",\"position\":1,\"name\":\"Startseite\",\"item\":\"https:\\\/\\\/junge-erwachsene-mit-krebs.de\\\/ls\\\/\"},{\"@type\":\"ListItem\",\"position\":2,\"name\":\"Engel mit Herz e.V.\"}]},{\"@type\":\"WebSite\",\"@id\":\"https:\\\/\\\/junge-erwachsene-mit-krebs.de\\\/#website\",\"url\":\"https:\\\/\\\/junge-erwachsene-mit-krebs.de\\\/\",\"name\":\"DSFJEMK\",\"description\":\"Deutsche Stiftung f\u00fcr junge Erwachsene mit Krebs\",\"publisher\":{\"@id\":\"https:\\\/\\\/junge-erwachsene-mit-krebs.de\\\/#organization\"},\"potentialAction\":[{\"@type\":\"SearchAction\",\"target\":{\"@type\":\"EntryPoint\",\"urlTemplate\":\"https:\\\/\\\/junge-erwachsene-mit-krebs.de\\\/?s={search_term_string}\"},\"query-input\":{\"@type\":\"PropertyValueSpecification\",\"valueRequired\":true,\"valueName\":\"search_term_string\"}}],\"inLanguage\":\"de-LS\"},{\"@type\":\"Organization\",\"@id\":\"https:\\\/\\\/junge-erwachsene-mit-krebs.de\\\/#organization\",\"name\":\"Deutsche Stiftung f\u00fcr junge Erwachsene mit Krebs\",\"url\":\"https:\\\/\\\/junge-erwachsene-mit-krebs.de\\\/\",\"logo\":{\"@type\":\"ImageObject\",\"inLanguage\":\"de-LS\",\"@id\":\"https:\\\/\\\/junge-erwachsene-mit-krebs.de\\\/#\\\/schema\\\/logo\\\/image\\\/\",\"url\":\"https:\\\/\\\/junge-erwachsene-mit-krebs.de\\\/wp-content\\\/uploads\\\/2018\\\/09\\\/Logo_DSfjEmK-2018.jpg\",\"contentUrl\":\"https:\\\/\\\/junge-erwachsene-mit-krebs.de\\\/wp-content\\\/uploads\\\/2018\\\/09\\\/Logo_DSfjEmK-2018.jpg\",\"width\":1000,\"height\":1000,\"caption\":\"Deutsche Stiftung f\u00fcr junge Erwachsene mit Krebs\"},\"image\":{\"@id\":\"https:\\\/\\\/junge-erwachsene-mit-krebs.de\\\/#\\\/schema\\\/logo\\\/image\\\/\"}}]}<\/script>\n<!-- \/ Yoast SEO plugin. -->","yoast_head_json":{"title":"Engel mit Herz e.V. - DSFJEMK","robots":{"index":"index","follow":"follow","max-snippet":"max-snippet:-1","max-image-preview":"max-image-preview:large","max-video-preview":"max-video-preview:-1"},"canonical":"https:\/\/junge-erwachsene-mit-krebs.de\/locations\/engel-mit-herz-e-v\/","og_locale":"de_DE","og_type":"article","og_title":"Engel mit Herz e.V. - DSFJEMK","og_description":"Engel mit Herz e.V. unterst\u00fctzt hilfebed\u00fcrftige Krebspatienten mit einer Auszeit f\u00fcr die Seele in einem alten Pfarrhaus in Ostfriesland. Der Verein m\u00f6chte ein Bewusstsein schaffen f\u00fcr die Anliegen von Krebserkrankten und ihren Angeh\u00f6rigen. Patienten erhalten mit ihren Angeh\u00f6rigen einen 7 t\u00e4gigen Ferienaufenthalt.","og_url":"https:\/\/junge-erwachsene-mit-krebs.de\/locations\/engel-mit-herz-e-v\/","og_site_name":"DSFJEMK","article_modified_time":"2025-04-01T12:40:48+00:00","twitter_card":"summary_large_image","schema":{"@context":"https:\/\/schema.org","@graph":[{"@type":"WebPage","@id":"https:\/\/junge-erwachsene-mit-krebs.de\/locations\/engel-mit-herz-e-v\/","url":"https:\/\/junge-erwachsene-mit-krebs.de\/locations\/engel-mit-herz-e-v\/","name":"Engel mit Herz e.V. - DSFJEMK","isPartOf":{"@id":"https:\/\/junge-erwachsene-mit-krebs.de\/#website"},"datePublished":"2018-09-26T13:29:22+00:00","dateModified":"2025-04-01T12:40:48+00:00","breadcrumb":{"@id":"https:\/\/junge-erwachsene-mit-krebs.de\/locations\/engel-mit-herz-e-v\/#breadcrumb"},"inLanguage":"de-LS","potentialAction":[{"@type":"ReadAction","target":["https:\/\/junge-erwachsene-mit-krebs.de\/locations\/engel-mit-herz-e-v\/"]}]},{"@type":"BreadcrumbList","@id":"https:\/\/junge-erwachsene-mit-krebs.de\/locations\/engel-mit-herz-e-v\/#breadcrumb","itemListElement":[{"@type":"ListItem","position":1,"name":"Startseite","item":"https:\/\/junge-erwachsene-mit-krebs.de\/ls\/"},{"@type":"ListItem","position":2,"name":"Engel mit Herz e.V."}]},{"@type":"WebSite","@id":"https:\/\/junge-erwachsene-mit-krebs.de\/#website","url":"https:\/\/junge-erwachsene-mit-krebs.de\/","name":"DSFJEMK","description":"Deutsche Stiftung f\u00fcr junge Erwachsene mit Krebs","publisher":{"@id":"https:\/\/junge-erwachsene-mit-krebs.de\/#organization"},"potentialAction":[{"@type":"SearchAction","target":{"@type":"EntryPoint","urlTemplate":"https:\/\/junge-erwachsene-mit-krebs.de\/?s={search_term_string}"},"query-input":{"@type":"PropertyValueSpecification","valueRequired":true,"valueName":"search_term_string"}}],"inLanguage":"de-LS"},{"@type":"Organization","@id":"https:\/\/junge-erwachsene-mit-krebs.de\/#organization","name":"Deutsche Stiftung f\u00fcr junge Erwachsene mit Krebs","url":"https:\/\/junge-erwachsene-mit-krebs.de\/","logo":{"@type":"ImageObject","inLanguage":"de-LS","@id":"https:\/\/junge-erwachsene-mit-krebs.de\/#\/schema\/logo\/image\/","url":"https:\/\/junge-erwachsene-mit-krebs.de\/wp-content\/uploads\/2018\/09\/Logo_DSfjEmK-2018.jpg","contentUrl":"https:\/\/junge-erwachsene-mit-krebs.de\/wp-content\/uploads\/2018\/09\/Logo_DSfjEmK-2018.jpg","width":1000,"height":1000,"caption":"Deutsche Stiftung f\u00fcr junge Erwachsene mit Krebs"},"image":{"@id":"https:\/\/junge-erwachsene-mit-krebs.de\/#\/schema\/logo\/image\/"}}]}},"_links":{"self":[{"href":"https:\/\/junge-erwachsene-mit-krebs.de\/ls\/wp-json\/wp\/v2\/location\/4700","targetHints":{"allow":["GET"]}}],"collection":[{"href":"https:\/\/junge-erwachsene-mit-krebs.de\/ls\/wp-json\/wp\/v2\/location"}],"about":[{"href":"https:\/\/junge-erwachsene-mit-krebs.de\/ls\/wp-json\/wp\/v2\/types\/location"}],"author":[{"embeddable":true,"href":"https:\/\/junge-erwachsene-mit-krebs.de\/ls\/wp-json\/wp\/v2\/users\/5"}],"wp:attachment":[{"href":"https:\/\/junge-erwachsene-mit-krebs.de\/ls\/wp-json\/wp\/v2\/media?parent=4700"}],"curies":[{"name":"wp","href":"https:\/\/api.w.org\/{rel}","templated":true}]}}

<div class="lsv_container">
    <!-- <div class="lsv_container_narrow"> -->
    <div class="lsv_meta_container">
      <span class="lsv_contact_area">
        <div class="lsv_contact_title">Kontakt</div>
                  <span class="lsv_contact_info">
            <div class="lsv_contact_person"></div>
                          <div>T <a class="lsv_contact_telefon" href="tel:+49 172 5198511">+49 172 5198511</a></div>
                          <div><a class="lsv_contact_link" href="mailto:info@engelmitherz.com">E-Mail schreiben</a></div>
          </span>
        </span>
      <span class="lsv_social_area">

                        <div class="lsv_social_title">Angebot auf</div>
        
        <div class="lsv_social_icons">
          <a class="lsv_social_icon" href="http://www.facebook.com/EngelmitHerzeV/" target="_blank"><img loading="lazy" decoding="async" src="/wp-content/themes/neve-child-master/images/facebook.png)" alt="" height="40" width="40"></a>         </div>
       </span>
     </div>
  
      <div class="lsv_next_dates_area">
        <div class="lsv_next_dates_title">Nachste Termine</div>
        <div class="lsv_next_dates_dates">
           <div class="ep_no_event">
		Keine derzeitigen Termine
		</div>
        </div>
      </div>
        <div class="template-page content">
          </div>
  
    <!-- <div class="share-container">
      <p class="share-title">Seite teilen:</p>
      <div class="share-icons">
          <a href="https://twitter.com/share?url=&text=" target="_blank" rel="noopener noreferrer" class="share-icon twitter">
              <img decoding="async" src="" alt="Teilen auf X">
          </a>
          <a href="https://www.facebook.com/sharer/sharer.php?u=" target="_blank" rel="noopener noreferrer" class="share-icon facebook">
              <img decoding="async" src="" alt="Teilen auf Facebook">
          </a>
          <a href="mailto:?subject=&body=" class="share-icon email">
              <img decoding="async" src="" alt="Per E-Mail teilen">
          </a>
      </div>
    </div> -->
<!-- </div> -->
  <div class="lsv_news_preview_area">
          <div class="related_news_alignfull_container alignfull">
        <div class="related_news_container">
                      <a class="related_news_more_link" href="https://junge-erwachsene-mit-krebs.de/ls/aktuelles/neuigkeiten/" target="_self" title="link to news">Weitere Neuigkeiten</a>
                  </div>
      </div>
    </div>
    </div>
  <div class="lsv_kachel_colorsection"><div class="boxoverview-block-container boxoverview-block_3f72231e51933c13caefa7c19a6e768c  alignfull">
  <div class="boxoverview-area">
        <div class="boxoverview_verlinkungscontainer">          <div class="boxoverview-block">
                    		<div class="boxoverview-block_3f72231e51933c13caefa7c19a6e768c boxoverview no_symbol">JUNGES KREBSPORTAL</div>
        		<div class="boxoverview_content">Unser Team im JUNGEN KRBESPORTAL steht Dir mit Antworten und Tipps jederzeit zur Verfügung. Hier erhältst Du individuelle Beratung durch Experten.</div>
                            <a class="content_link" href="https://junge-erwachsene-mit-krebs.de/jung-und-krebs/junges-krebsportal/" target="">Mehr erfahren</a>
                          </div>
      		          <div class="boxoverview-block">
                    		<div class="boxoverview-block_3f72231e51933c13caefa7c19a6e768c boxoverview no_symbol">Newsletter</div>
        		<div class="boxoverview_content">Du möchtest auch in Zukunft Informationen zu den Projekten und zur Arbeit der Deutschen Stiftung für junge Erwachsene mit Krebs erhalten? Dann melde Dich hier für unseren Newsletter an.</div>
                            <a class="content_link" href="https://junge-erwachsene-mit-krebs.de/newsletter/" target="">Mehr erfahren</a>
                          </div>
      		    </div>
      </div>
</div>
  </div>
</div>

<p>Engel mit Herz e.V. unterstützt hilfebedürftige Krebspatienten mit einer Auszeit für die Seele in einem alten Pfarrhaus in Ostfriesland. Der Verein möchte ein Bewusstsein schaffen für die Anliegen von Krebserkrankten und ihren Angehörigen. Patienten erhalten mit ihren Angehörigen einen 7 tägigen Ferienaufenthalt. </p>

<!-- This site is optimized with the Yoast SEO plugin v27.3 - https://yoast.com/product/yoast-seo-wordpress/ -->
<title>Engel mit Herz e.V. - DSFJEMK</title>
<meta name="robots" content="index, follow, max-snippet:-1, max-image-preview:large, max-video-preview:-1" />
<link rel="canonical" href="https://junge-erwachsene-mit-krebs.de/locations/engel-mit-herz-e-v/" />
<meta property="og:locale" content="de_DE" />
<meta property="og:type" content="article" />
<meta property="og:title" content="Engel mit Herz e.V. - DSFJEMK" />
<meta property="og:description" content="Engel mit Herz e.V. unterstützt hilfebedürftige Krebspatienten mit einer Auszeit für die Seele in einem alten Pfarrhaus in Ostfriesland. Der Verein möchte ein Bewusstsein schaffen für die Anliegen von Krebserkrankten und ihren Angehörigen. Patienten erhalten mit ihren Angehörigen einen 7 tägigen Ferienaufenthalt." />
<meta property="og:url" content="https://junge-erwachsene-mit-krebs.de/locations/engel-mit-herz-e-v/" />
<meta property="og:site_name" content="DSFJEMK" />
<meta property="article:modified_time" content="2025-04-01T12:40:48+00:00" />
<meta name="twitter:card" content="summary_large_image" />
<script type="application/ld+json" class="yoast-schema-graph">{"@context":"https:\/\/schema.org","@graph":[{"@type":"WebPage","@id":"https:\/\/junge-erwachsene-mit-krebs.de\/locations\/engel-mit-herz-e-v\/","url":"https:\/\/junge-erwachsene-mit-krebs.de\/locations\/engel-mit-herz-e-v\/","name":"Engel mit Herz e.V. - DSFJEMK","isPartOf":{"@id":"https:\/\/junge-erwachsene-mit-krebs.de\/#website"},"datePublished":"2018-09-26T13:29:22+00:00","dateModified":"2025-04-01T12:40:48+00:00","breadcrumb":{"@id":"https:\/\/junge-erwachsene-mit-krebs.de\/locations\/engel-mit-herz-e-v\/#breadcrumb"},"inLanguage":"de-LS","potentialAction":[{"@type":"ReadAction","target":["https:\/\/junge-erwachsene-mit-krebs.de\/locations\/engel-mit-herz-e-v\/"]}]},{"@type":"BreadcrumbList","@id":"https:\/\/junge-erwachsene-mit-krebs.de\/locations\/engel-mit-herz-e-v\/#breadcrumb","itemListElement":[{"@type":"ListItem","position":1,"name":"Startseite","item":"https:\/\/junge-erwachsene-mit-krebs.de\/ls\/"},{"@type":"ListItem","position":2,"name":"Engel mit Herz e.V."}]},{"@type":"WebSite","@id":"https:\/\/junge-erwachsene-mit-krebs.de\/#website","url":"https:\/\/junge-erwachsene-mit-krebs.de\/","name":"DSFJEMK","description":"Deutsche Stiftung für junge Erwachsene mit Krebs","publisher":{"@id":"https:\/\/junge-erwachsene-mit-krebs.de\/#organization"},"potentialAction":[{"@type":"SearchAction","target":{"@type":"EntryPoint","urlTemplate":"https:\/\/junge-erwachsene-mit-krebs.de\/?s={search_term_string}"},"query-input":{"@type":"PropertyValueSpecification","valueRequired":true,"valueName":"search_term_string"}}],"inLanguage":"de-LS"},{"@type":"Organization","@id":"https:\/\/junge-erwachsene-mit-krebs.de\/#organization","name":"Deutsche Stiftung für junge Erwachsene mit Krebs","url":"https:\/\/junge-erwachsene-mit-krebs.de\/","logo":{"@type":"ImageObject","inLanguage":"de-LS","@id":"https:\/\/junge-erwachsene-mit-krebs.de\/#\/schema\/logo\/image\/","url":"https:\/\/junge-erwachsene-mit-krebs.de\/wp-content\/uploads\/2018\/09\/Logo_DSfjEmK-2018.jpg","contentUrl":"https:\/\/junge-erwachsene-mit-krebs.de\/wp-content\/uploads\/2018\/09\/Logo_DSfjEmK-2018.jpg","width":1000,"height":1000,"caption":"Deutsche Stiftung für junge Erwachsene mit Krebs"},"image":{"@id":"https:\/\/junge-erwachsene-mit-krebs.de\/#\/schema\/logo\/image\/"}}]}</script>
<!-- / Yoast SEO plugin. -->

Engel mit Herz e.V. unterstützt hilfebedürftige Krebspatienten mit einer Auszeit für die Seele in einem alten Pfarrhaus in Ostfriesland. Der Verein möchte ein Bewusstsein schaffen für die Anliegen von Krebserkrankten und ihren Angehörigen. Patienten erhalten mit ihren Angehörigen einen 7 tägigen Ferienaufenthalt.

Deutsche Stiftung für junge Erwachsene mit Krebs
